s(5).
10
Suppose 5*p - 146 = 12*x - 15*x, -64 = -2*p - 4*x. What is the remainder when p is divided by 11?
6
Calculate the remainder when 3/(-4 + 212/52) is divided by 9.
3
Let g(s) = -s**2 - 13*s - 14. What is the remainder when 181 is divided by g(-5)?
25
Let r(p) = p**3 - 5*p**2 - 3*p - 7. Calculate the remainder when 18 is divided by r(6).
7
Let p = -50 + 101. Calculate the remainder when p is divided by ((6/(-9))/((-2)/(-39)))/(-1).
12
Let x(l) = 31*l. Let n(f) = 16*f. Let g(d) = -5*n(d) + 3*x(d). Let h be g(-1). Let u = -7 - h. What is the remainder when 16 is divided by u?
4
Let v(o) = 4*o + 75. What is the remainder when v(-13) is divided by 8?
7
Suppose -4*n + 2*g + 168 = 3*g, -5*n - 2*g = -210. Let w = n + -16. Calculate the remainder when w is divided by 15.
11
Let n = -5 + 7. Suppose 8*j + a = 3*j + 188, -5*a = -n*j + 86. What is the remainder when j is divided by 13?
12
Suppose 0 = i, t = -2*t - 3*i + 63. Calculate the remainder when 41 is divided by t.
20
Let m be (12 + 11)*(0 + 1). Suppose 0 = 3*o - 22 - m. Calculate the remainder when o is divided by 6.
3
Let k be 7 + 1 - (2 + -3). Let v = k + -9. Suppose -24 = -v*z - 2*z. Calculate the remainder when 46 is divided by z.
10
Suppose 9*f - 197 = 82. Calculate the remainder when 60 is divided by f.
29
Let y(v) = -16*v + 4. Let x be y(2). Let a = x - -42. What is the remainder when a is divided by 9?
5
Let p(t) = t**2 - 9*t + 2. Let w be p(9). Suppose 0 = -2*f - 0*a + w*a + 56, -2*f = -4*a - 48. What is the remainder when f is divided by 11?
10
Suppose -o - 4 + 2 = 0. Let v = 25 + -14. What is the remainder when (-2 - 1*-25) + o is divided by v?
10
Let j = 49 + 89. What is the remainder when j is divided by 20?
18
Calculate the remainder when 6 is divided by 2/(-12) + 496/96.
1
Suppose -2*y + 5*o + 188 = 0, -3*o = -5*o + 8. Calculate the remainder when y is divided by 21.
20
Suppose 0 = 3*l + 4*y - 44, 5*l - y - 17 - 41 = 0. What is the remainder when (-22)/(-1)*3/2 is divided by l?
9
Suppose 5*o = 9*o - 24. Suppose -1 = l - 5. Let p = 13 - l. Calculate the remainder when p is divided by o.
3
Let o(t) = -11*t. What is the remainder when 29 is divided by o(-1)?
7
Suppose -f - 2*f = -6. Let s(j) = j**2 - j + 2. What is the remainder when s(0) is divided by f?
0
Suppose 0 = 3*f + 4*v - 11, -f - 2*v - 17 = -4*f. Suppose 25 - 255 = -f*c. Calculate the remainder when c is divided by 24.
22
Let d(s) = 2*s**3 - 2*s + 4*s**2 + 0*s**2 - 2 - 2*s**2. What is the remainder when 51 is divided by d(2)?
15
Suppose -3*c = 4*u - 5*u - 7, 3*u - c - 19 = 0. Suppose 4*l = -0*l + u. Calculate the remainder when 6 is divided by l.
0
Let z(q) = -8*q**3 - 1. Let x = -5 + 4. What is the remainder when 17 is divided by z(x)?
3
Suppose 16*z = -0*z + 2864. Calculate the remainder when z is divided by 7.
4
Suppose 5*p = -13 + 43. Calculate the remainder when (-1470)/5*(-2)/p is divided by 25.
23
Let m = 43 + -23. Suppose 4*j + 4 = 0, 0 = -4*a - j + 4*j + 387. Suppose -a = -4*k + t, 5*t - m - 52 = -3*k. Calculate the remainder when k is divided by 13.
11
Suppose 4*y + 280 = 2*w, 2*w - 6*y = -3*y + 284. Suppose -5*v + w = -22. Calculate the remainder when v is divided by 18.
16
Suppose -11*q + 126 = -4*q. What is the remainder when q is divided by 7?
4
Suppose 15 + 2 = 5*q + x, 3*x + 9 = 0. Suppose 0 = -q*b + 8. What is the remainder when b is divided by 1?
0
Let j(g) = -7*g + 5. Let x(r) = 8*r - 6. Let n(q) = 4*j(q) + 3*x(q). Let v be n(5). Let z = v + 30. What is the remainder when z is divided by 5?
2
Let m = -2 + 19. Suppose 0 = -t - 4*a + 10, -5*t - a + 25 + 6 = 0. Calculate the remainder when m is divided by t.
5
Suppose 3*g + 15 = 0, -3*s + 81 = -g - 2*g. Let a = s - 16. Calculate the remainder when 21 is divided by a.
3
Let v = 118 + -78. Let b(l) = -l - 2*l + l**2 - 1 + l + 4*l. What is the remainder when v is divided by b(-5)?
12
Let r(t) = 3*t + 10. Calculate the remainder when 60 is divided by r(7).
29
Let l(y) = 2*y - 2*y + 3*y**2 + 3*y - 2*y - 2. What is the remainder when 14 is divided by l(-2)?
6
Let u = -34 - -57. Suppose 33 = k - 5*h, -4*h = 3*k - 0*k - u. What is the remainder when 50 is divided by k?
11
Let j = 46 - 34. Calculate the remainder when 23 is divided by j.
11
Let j = 41 + -19. Calculate the remainder when (-3)/(-9) + 3 + 1004/12 is divided by j.
21
Let m(r) = -4*r - 12. Suppose -10 - 26 = 4*k. Calculate the remainder when 70 is divided by m(k).
22
Let q be (-9)/(-27) + 59/3. Suppose 3*v = -v + q. Calculate the remainder when 12 is divided by v.
2
Suppose -5*t + 5*a + 55 = 0, 0*a + 37 = 3*t + a. Suppose -2*h + 5*d + t = -8, d = -h + 10. What is the remainder when 29 is divided by h?
9
Let j(k) = -k**3 - 16*k**2 + 11*k - 57. Calculate the remainder when j(-17) is divided by 24.
21
Let s = 48 + -26. Calculate the remainder when s is divided by 8.
6
Let y = -52 + 56. Suppose x - 2 = 8. Calculate the remainder when x is divided by y.
2
Suppose 4*q - 45 = -5. Calculate the remainder when 49 is divided by q.
9
Let o(n) = -3*n - 4. What is the remainder when o(-5) is divided by 4?
3
Let m = 18 + -5. Let d = 25 - m. Calculate the remainder when (-1*1 + 47)*1 is divided by d.
10
Suppose -3*g = -0*g - 195. What is the remainder when g is divided by 33?
32
Suppose 2*f - 9 = -1. Suppose -26 = -f*d + 22. Calculate the remainder when d is divided by 7.
5
Let r be 2/(-5) - (-48)/(-30). Calculate the remainder when 12 is divided by 2/r + (-8)/(-1).
5
Suppose j = -2*g - 27, j - 16 + 58 = -3*g. What is the remainder when ((-18)/g)/(2/70) is divided by 15?
12
Suppose 0 = -7*c + 4*c, j - 4*c - 53 = 0. Calculate the remainder when j is divided by 14.
11
Suppose -37 + 24 = -f. Calculate the remainder when 62 is divided by f.
10
Suppose -3*s + 720 = -15. Let x(m) = 2*m**3 - m**2 + m. What is the remainder when 3/2 - s/(-10) is divided by x(2)?
12
Let d(x) = -5*x + 1. Let l be d(-1). Let u = 12 - l. What is the remainder when ((-46)/u)/(3/(-9)) is divided by 8?
7
Let d = -27 + 8. Let l = d - -10. Let y = 0 - l. What is the remainder when 17 is divided by y?
8
Suppose -4*i + 2*a = -3*a + 24, 2*i = a - 12. Let o = 8 + i. What is the remainder when 7 is divided by o?
1
Let r(x) = -x**3 + 13*x**2 - 6*x + 5. Calculate the remainder when r(12) is divided by 1 + 3/(-1)*-5.
13
Let d = 98 + -4. Calculate the remainder when d is divided by 16.
14
Let t = 8 - 5. Suppose -2*o - 2*o = -4. Suppose b - 2*c + o = 13, -2*b - c + 14 = 0. What is the remainder when b is divided by t?
2
Let i(k) = k**2 + 10*k - 4. What is the remainder when i(5) is divided by (-1 - 1 - 16)*-1?
17
Let p(a) = -4*a + 1. Let b be p(1). What is the remainder when 20 is divided by (b/(-6))/(1/14)?
6
Suppose m + 0*m = -u + 10, 3*u = 2*m + 15. Calculate the remainder when 27 is divided by u.
6
Let v(j) = j**2 + j + 113. What is the remainder when v(0) is divided by 20?
13
Let w be 0 - -3 - (-1 - 24). Suppose f - 108 = -2*f - 2*n, -f + 2*n = -w. Calculate the remainder when f is divided by 18.
16
Suppose 3*d - 9 = 0, 4*f = 5*f + d - 8. Suppose -3*g = g, -4*p - g = -52. What is the remainder when p is divided by f?
3
Suppose 2*a - 4 + 0 = 0. Calculate the remainder when 8 is divided by ((-15)/5)/(a/(-2)).
2
Let c(i) = 8*i + 284. Suppose x = 6*x - 90. What is the remainder when x is divided by c(-35)?
2
Let q = 92 + -57. What is the remainder when q is divided by 19?
16
Suppose 2*p + 80 = 7*p. Suppose -p = -3*k + 2*k. What is the remainder when 30 is divided by k?
14
Let v(s) = -6*s. Suppose l + l + 4 = 4*g, -5*g + 26 = l. Let r be v(l). Let f = -13 - r. What is the remainder when f is divided by 8?
7
Let x(y) = y**3 - 4*y**2 + 3*y - 7. Calculate the remainder when x(7) is divided by 27.
26
Suppose 0 = 8*a - 230 - 330. What is the remainder when a is divided by 24?
22
Let x(o) = o - 5*o + 19 - o**3 + 3*o. Suppose -2*m + 3*f = -m - 15, -5*m - 15 = 3*f. What is the remainder when x(m) is divided by 10?
9
Let h(o) = 6*o + 74. What is the remainder when h(-11) is divided by 5?
3
Suppose -2*s = 5*x + 240, x + x + 96 = 4*s. Let r = 74 + x. Suppose -2*f + 3*t + 43 = 0, -31 = -4*f - t - 4*t. What is the remainder when r is divided by f?
12
Suppose 4*s - 79 - 33 = 0. Suppose -v + 2*y = -s, 2*y + 3*y = -5. What is the remainder when v is divided by 9?
8
Supp